{"id":1925,"date":"2023-07-13T10:24:15","date_gmt":"2023-07-13T10:24:15","guid":{"rendered":"http:\/\/www.construtorapizzane.com.br\/?page_id=1925"},"modified":"2024-06-22T14:56:50","modified_gmt":"2024-06-22T14:56:50","slug":"destaque_2023","status":"publish","type":"page","link":"https:\/\/www.construtorapizzane.com.br\/?page_id=1925","title":{"rendered":"| DESTAQUES E RECONHECIMENTOS |"},"content":{"rendered":"<p><a href=\"http:\/\/arbeitschreibenlassen.de\/facharbeit-schreiben-lassen\/\">ghostwriter facharbeit<\/a><a href=\"http:\/\/bachelorarbeit-schreibenlassen.de\/\">ghostwriting bachelorarbeit<\/a><a href=\"http:\/\/premiumghostwriter.de\/masterarbeit\/\">ghostwriter masterarbeit<\/a><\/p>\n<style>\/*! elementor - v3.14.0 - 26-06-2023 *\/<br \/>\n.elementor-heading-title{padding:0;margin:0;line-height:1}.elementor-widget-heading .elementor-heading-title[class*=elementor-size-]>a{color:inherit;font-size:inherit;line-height:inherit}.elementor-widget-heading .elementor-heading-title.elementor-size-small{font-size:15px}.elementor-widget-heading .elementor-heading-title.elementor-size-medium{font-size:19px}.elementor-widget-heading .elementor-heading-title.elementor-size-large{font-size:29px}.elementor-widget-heading .elementor-heading-title.elementor-size-xl{font-size:39px}.elementor-widget-heading .elementor-heading-title.elementor-size-xxl{font-size:59px}<\/style>\n<h2>| 2023 |<\/h2>\n\n\n\n<h2>Premia\u00e7\u00e3o de melhor fornecedor na categoria Servi\u00e7os de Engenharia Aplicados \u00e1 Gera\u00e7\u00e3o de Energia no ano de 2023.<\/h2>\n<style>\/*! elementor - v3.14.0 - 26-06-2023 *\/<br \/>\n.elementor-image-gallery .gallery-item{display:inline-block;text-align:center;vertical-align:top;width:100%;max-width:100%;margin:0 auto}.elementor-image-gallery .gallery-item img{margin:0 auto}.elementor-image-gallery .gallery-item .gallery-caption{margin:0}.elementor-image-gallery figure img{display:block}.elementor-image-gallery figure figcaption{width:100%}.gallery-spacing-custom .elementor-image-gallery .gallery-icon{padding:0}@media (min-width:768px){.elementor-image-gallery .gallery-columns-2 .gallery-item{max-width:50%}.elementor-image-gallery .gallery-columns-3 .gallery-item{max-width:33.33%}.elementor-image-gallery .gallery-columns-4 .gallery-item{max-width:25%}.elementor-image-gallery .gallery-columns-5 .gallery-item{max-width:20%}.elementor-image-gallery .gallery-columns-6 .gallery-item{max-width:16.666%}.elementor-image-gallery .gallery-columns-7 .gallery-item{max-width:14.28%}.elementor-image-gallery .gallery-columns-8 .gallery-item{max-width:12.5%}.elementor-image-gallery .gallery-columns-9 .gallery-item{max-width:11.11%}.elementor-image-gallery .gallery-columns-10 .gallery-item{max-width:10%}}@media (min-width:480px) and (max-width:767px){.elementor-image-gallery .gallery.gallery-columns-2 .gallery-item,.elementor-image-gallery .gallery.gallery-columns-3 .gallery-item,.elementor-image-gallery .gallery.gallery-columns-4 .gallery-item,.elementor-image-gallery .gallery.gallery-columns-5 .gallery-item,.elementor-image-gallery .gallery.gallery-columns-6 .gallery-item,.elementor-image-gallery .gallery.gallery-columns-7 .gallery-item,.elementor-image-gallery .gallery.gallery-columns-8 .gallery-item,.elementor-image-gallery .gallery.gallery-columns-9 .gallery-item,.elementor-image-gallery .gallery.gallery-columns-10 .gallery-item{max-width:50%}}@media (max-width:479px){.elementor-image-gallery .gallery.gallery-columns-2 .gallery-item,.elementor-image-gallery .gallery.gallery-columns-3 .gallery-item,.elementor-image-gallery .gallery.gallery-columns-4 .gallery-item,.elementor-image-gallery .gallery.gallery-columns-5 .gallery-item,.elementor-image-gallery .gallery.gallery-columns-6 .gallery-item,.elementor-image-gallery .gallery.gallery-columns-7 .gallery-item,.elementor-image-gallery .gallery.gallery-columns-8 .gallery-item,.elementor-image-gallery .gallery.gallery-columns-9 .gallery-item,.elementor-image-gallery .gallery.gallery-columns-10 .gallery-item{max-width:100%}}<\/style>\n<style type=\"text\/css\">\n\t\t\t#gallery-1 {<br \/>\n\t\t\t\tmargin: auto;<br \/>\n\t\t\t}<br \/>\n\t\t\t#gallery-1 .gallery-item {<br \/>\n\t\t\t\tfloat: left;<br \/>\n\t\t\t\tmargin-top: 10px;<br \/>\n\t\t\t\ttext-align: center;<br \/>\n\t\t\t\twidth: 50%;<br \/>\n\t\t\t}<br \/>\n\t\t\t#gallery-1 img {<br \/>\n\t\t\t\tborder: 2px solid #cfcfcf;<br \/>\n\t\t\t}<br \/>\n\t\t\t#gallery-1 .gallery-caption {<br \/>\n\t\t\t\tmargin-left: 0;<br \/>\n\t\t\t}<br \/>\n\t\t\t\/* see gallery_shortcode() in wp-includes\/media.php *\/<br \/>\n\t\t<\/style>\n<dl class=\"gallery-item\">\n<dt class=\"gallery-icon portrait\">\n\t\t\t\t<a data-elementor-open-lightbox=\"yes\" data-elementor-lightbox-slideshow=\"cb1e007\" data-elementor-lightbox-title=\"Fotografia - Premia\u00e7\u00e3o Melhores Fornecedores Cemig - Ano 2023 - 3\" data-e-action-hash=\"#elementor-action%3Aaction%3Dlightbox%26settings%3DeyJpZCI6MTkzNCwidXJsIjoiaHR0cDpcL1wvd3d3LmNvbnN0cnV0b3JhcGl6emFuZS5jb20uYnJcL3dwLWNvbnRlbnRcL3VwbG9hZHNcLzIwMjNcLzA3XC9Gb3RvZ3JhZmlhLVByZW1pYWNhby1NZWxob3Jlcy1Gb3JuZWNlZG9yZXMtQ2VtaWctQW5vLTIwMjMtMy5qcGciLCJzbGlkZXNob3ciOiJjYjFlMDA3In0%3D\" href=\"http:\/\/www.construtorapizzane.com.br\/wp-content\/uploads\/2023\/07\/Fotografia-Premiacao-Melhores-Fornecedores-Cemig-Ano-2023-3.jpg\"><img width=\"150\" height=\"150\" src=\"http:\/\/www.construtorapizzane.com.br\/wp-content\/uploads\/2023\/07\/Fotografia-Premiacao-Melhores-Fornecedores-Cemig-Ano-2023-3-150x150.jpg\" alt=\"\" decoding=\"async\" loading=\"lazy\"><\/a>\n\t\t\t<\/dt>\n<\/dl>\n<dl class=\"gallery-item\">\n<dt class=\"gallery-icon landscape\">\n\t\t\t\t<a data-elementor-open-lightbox=\"yes\" data-elementor-lightbox-slideshow=\"cb1e007\" data-elementor-lightbox-title=\"Fotografia Premia\u00e7\u00e3o Melhores Fornecedores - Cemig - Ano 2023 - 1\" data-e-action-hash=\"#elementor-action%3Aaction%3Dlightbox%26settings%3DeyJpZCI6MTg3MCwidXJsIjoiaHR0cDpcL1wvd3d3LmNvbnN0cnV0b3JhcGl6emFuZS5jb20uYnJcL3dwLWNvbnRlbnRcL3VwbG9hZHNcLzIwMjNcLzA3XC9Gb3RvZ3JhZmlhLVByZW1pYWNhby1NZWxob3Jlcy1Gb3JuZWNlZG9yZXMtQ2VtaWctQW5vLTIwMjMtMS5qcGciLCJzbGlkZXNob3ciOiJjYjFlMDA3In0%3D\" href=\"http:\/\/www.construtorapizzane.com.br\/wp-content\/uploads\/2023\/07\/Fotografia-Premiacao-Melhores-Fornecedores-Cemig-Ano-2023-1.jpg\"><img width=\"150\" height=\"150\" src=\"http:\/\/www.construtorapizzane.com.br\/wp-content\/uploads\/2023\/07\/Fotografia-Premiacao-Melhores-Fornecedores-Cemig-Ano-2023-1-150x150.jpg\" alt=\"\" decoding=\"async\" loading=\"lazy\" srcset=\"http:\/\/www.construtorapizzane.com.br\/wp-content\/uploads\/2023\/07\/Fotografia-Premiacao-Melhores-Fornecedores-Cemig-Ano-2023-1-150x150.jpg 150w, http:\/\/www.construtorapizzane.com.br\/wp-content\/uploads\/2023\/07\/elementor\/thumbs\/Fotografia-Premiacao-Melhores-Fornecedores-Cemig-Ano-2023-1-q9bppjyscqzoqci5yxs1y1ttkt6curc2rdqmtuo39k.jpg 500w\" sizes=\"(max-width: 150px) 100vw, 150px\"><\/a>\n\t\t\t<\/dt>\n<\/dl>\n<p><br style=\"clear: both\"><\/p>\n<p>Para a Construtora Pizzane \u00e9 a demonstra\u00e7\u00e3o da \u00e9tica, dedica\u00e7\u00e3o, comprometimento e seguran\u00e7a da equipe na conduta da melhora continua dos nossos processos com nossos clientes, fornecedores e colaboradores.<\/p>\n<p>Agradecemos primeiramente a Deus por esta homenagem e a todos que nos proporcionaram este feito, em especial a equipe da Construtora Pizzane, a Cemig \u2013 Companhia Energ\u00e9tica de Minas Gerais pela parceria de longa data, ao Diretor de Gera\u00e7\u00e3o e Transmiss\u00e3o, Thadeu Silva, e aos Gestores Thiago Capanema e Frederico Luis de Andrade Silva.<\/p>\n<style>\/*! elementor - v3.14.0 - 26-06-2023 *\/<br \/>\n.elementor-widget-divider{--divider-border-style:none;--divider-border-width:1px;--divider-color:#0c0d0e;--divider-icon-size:20px;--divider-element-spacing:10px;--divider-pattern-height:24px;--divider-pattern-size:20px;--divider-pattern-url:none;--divider-pattern-repeat:repeat-x}.elementor-widget-divider .elementor-divider{display:flex}.elementor-widget-divider .elementor-divider__text{font-size:15px;line-height:1;max-width:95%}.elementor-widget-divider .elementor-divider__element{margin:0 var(--divider-element-spacing);flex-shrink:0}.elementor-widget-divider .elementor-icon{font-size:var(--divider-icon-size)}.elementor-widget-divider .elementor-divider-separator{display:flex;margin:0;direction:ltr}.elementor-widget-divider--view-line_icon .elementor-divider-separator,.elementor-widget-divider--view-line_text .elementor-divider-separator{align-items:center}.elementor-widget-divider--view-line_icon .elementor-divider-separator:after,.elementor-widget-divider--view-line_icon .elementor-divider-separator:before,.elementor-widget-divider--view-line_text .elementor-divider-separator:after,.elementor-widget-divider--view-line_text .elementor-divider-separator:before{display:block;content:\"\";border-bottom:0;flex-grow:1;border-top:var(--divider-border-width) var(--divider-border-style) var(--divider-color)}.elementor-widget-divider--element-align-left .elementor-divider .elementor-divider-separator>.elementor-divider__svg:first-of-type{flex-grow:0;flex-shrink:100}.elementor-widget-divider--element-align-left .elementor-divider-separator:before{content:none}.elementor-widget-divider--element-align-left .elementor-divider__element{margin-left:0}.elementor-widget-divider--element-align-right .elementor-divider .elementor-divider-separator>.elementor-divider__svg:last-of-type{flex-grow:0;flex-shrink:100}.elementor-widget-divider--element-align-right .elementor-divider-separator:after{content:none}.elementor-widget-divider--element-align-right .elementor-divider__element{margin-right:0}.elementor-widget-divider:not(.elementor-widget-divider--view-line_text):not(.elementor-widget-divider--view-line_icon) .elementor-divider-separator{border-top:var(--divider-border-width) var(--divider-border-style) var(--divider-color)}.elementor-widget-divider--separator-type-pattern{--divider-border-style:none}.elementor-widget-divider--separator-type-pattern.elementor-widget-divider--view-line .elementor-divider-separator,.elementor-widget-divider--separator-type-pattern:not(.elementor-widget-divider--view-line) .elementor-divider-separator:after,.elementor-widget-divider--separator-type-pattern:not(.elementor-widget-divider--view-line) .elementor-divider-separator:before,.elementor-widget-divider--separator-type-pattern:not([class*=elementor-widget-divider--view]) .elementor-divider-separator{width:100%;min-height:var(--divider-pattern-height);-webkit-mask-size:var(--divider-pattern-size) 100%;mask-size:var(--divider-pattern-size) 100%;-webkit-mask-repeat:var(--divider-pattern-repeat);mask-repeat:var(--divider-pattern-repeat);background-color:var(--divider-color);-webkit-mask-image:var(--divider-pattern-url);mask-image:var(--divider-pattern-url)}.elementor-widget-divider--no-spacing{--divider-pattern-size:auto}.elementor-widget-divider--bg-round{--divider-pattern-repeat:round}.rtl .elementor-widget-divider .elementor-divider__text{direction:rtl}.e-con-inner>.elementor-widget-divider,.e-con>.elementor-widget-divider{width:var(--container-widget-width,100%);--flex-grow:var(--container-widget-flex-grow)}<\/style>\n<h2>Homenagem por Excel\u00eancia em Seguran\u00e7a &#8211; Belgo Arames<\/h2>\n<style type=\"text\/css\">\n\t\t\t#gallery-2 {<br \/>\n\t\t\t\tmargin: auto;<br \/>\n\t\t\t}<br \/>\n\t\t\t#gallery-2 .gallery-item {<br \/>\n\t\t\t\tfloat: left;<br \/>\n\t\t\t\tmargin-top: 10px;<br \/>\n\t\t\t\ttext-align: center;<br \/>\n\t\t\t\twidth: 25%;<br \/>\n\t\t\t}<br \/>\n\t\t\t#gallery-2 img {<br \/>\n\t\t\t\tborder: 2px solid #cfcfcf;<br \/>\n\t\t\t}<br \/>\n\t\t\t#gallery-2 .gallery-caption {<br \/>\n\t\t\t\tmargin-left: 0;<br \/>\n\t\t\t}<br \/>\n\t\t\t\/* see gallery_shortcode() in wp-includes\/media.php *\/<br \/>\n\t\t<\/style>\n<dl class=\"gallery-item\">\n<dt class=\"gallery-icon landscape\">\n\t\t\t\t<a data-elementor-open-lightbox=\"yes\" data-elementor-lightbox-slideshow=\"f3d5042\" data-elementor-lightbox-title=\"Fotografia - Homenagem Seguran\u00e7a - Belgo Arames - 18-04-2023\" data-e-action-hash=\"#elementor-action%3Aaction%3Dlightbox%26settings%3DeyJpZCI6MjAwMCwidXJsIjoiaHR0cDpcL1wvd3d3LmNvbnN0cnV0b3JhcGl6emFuZS5jb20uYnJcL3dwLWNvbnRlbnRcL3VwbG9hZHNcLzIwMjNcLzA3XC9Gb3RvZ3JhZmlhLUhvbWVuYWdlbS1TZWd1cmFuY2EtQmVsZ28tQXJhbWVzLTE4LTA0LTIwMjMuanBnIiwic2xpZGVzaG93IjoiZjNkNTA0MiJ9\" href=\"http:\/\/www.construtorapizzane.com.br\/wp-content\/uploads\/2023\/07\/Fotografia-Homenagem-Seguranca-Belgo-Arames-18-04-2023.jpg\"><img width=\"150\" height=\"150\" src=\"http:\/\/www.construtorapizzane.com.br\/wp-content\/uploads\/2023\/07\/Fotografia-Homenagem-Seguranca-Belgo-Arames-18-04-2023-150x150.jpg\" alt=\"\" decoding=\"async\" loading=\"lazy\"><\/a>\n\t\t\t<\/dt>\n<\/dl>\n<dl class=\"gallery-item\">\n<dt class=\"gallery-icon landscape\">\n\t\t\t\t<a data-elementor-open-lightbox=\"yes\" data-elementor-lightbox-slideshow=\"f3d5042\" data-elementor-lightbox-title=\"Fotografia 1 - Homenagem Seguran\u00e7a - Belgo Arames - 18-04-2023\" data-e-action-hash=\"#elementor-action%3Aaction%3Dlightbox%26settings%3DeyJpZCI6MjAwMSwidXJsIjoiaHR0cDpcL1wvd3d3LmNvbnN0cnV0b3JhcGl6emFuZS5jb20uYnJcL3dwLWNvbnRlbnRcL3VwbG9hZHNcLzIwMjNcLzA3XC9Gb3RvZ3JhZmlhLTEtSG9tZW5hZ2VtLVNlZ3VyYW5jYS1CZWxnby1BcmFtZXMtMTgtMDQtMjAyMy5qcGciLCJzbGlkZXNob3ciOiJmM2Q1MDQyIn0%3D\" href=\"http:\/\/www.construtorapizzane.com.br\/wp-content\/uploads\/2023\/07\/Fotografia-1-Homenagem-Seguranca-Belgo-Arames-18-04-2023.jpg\"><img width=\"150\" height=\"150\" src=\"http:\/\/www.construtorapizzane.com.br\/wp-content\/uploads\/2023\/07\/Fotografia-1-Homenagem-Seguranca-Belgo-Arames-18-04-2023-150x150.jpg\" alt=\"\" decoding=\"async\" loading=\"lazy\"><\/a>\n\t\t\t<\/dt>\n<\/dl>\n<dl class=\"gallery-item\">\n<dt class=\"gallery-icon portrait\">\n\t\t\t\t<a data-elementor-open-lightbox=\"yes\" data-elementor-lightbox-slideshow=\"f3d5042\" data-elementor-lightbox-title=\"Fotografia 2 - Homenagem Seguran\u00e7a - Belgo Arames - 18-04-2023\" data-e-action-hash=\"#elementor-action%3Aaction%3Dlightbox%26settings%3DeyJpZCI6MjAwMiwidXJsIjoiaHR0cDpcL1wvd3d3LmNvbnN0cnV0b3JhcGl6emFuZS5jb20uYnJcL3dwLWNvbnRlbnRcL3VwbG9hZHNcLzIwMjNcLzA3XC9Gb3RvZ3JhZmlhLTItSG9tZW5hZ2VtLVNlZ3VyYW5jYS1CZWxnby1BcmFtZXMtMTgtMDQtMjAyMy5qcGciLCJzbGlkZXNob3ciOiJmM2Q1MDQyIn0%3D\" href=\"http:\/\/www.construtorapizzane.com.br\/wp-content\/uploads\/2023\/07\/Fotografia-2-Homenagem-Seguranca-Belgo-Arames-18-04-2023.jpg\"><img width=\"150\" height=\"150\" src=\"http:\/\/www.construtorapizzane.com.br\/wp-content\/uploads\/2023\/07\/Fotografia-2-Homenagem-Seguranca-Belgo-Arames-18-04-2023-150x150.jpg\" alt=\"\" decoding=\"async\" loading=\"lazy\"><\/a>\n\t\t\t<\/dt>\n<\/dl>\n<dl class=\"gallery-item\">\n<dt class=\"gallery-icon landscape\">\n\t\t\t\t<a data-elementor-open-lightbox=\"yes\" data-elementor-lightbox-slideshow=\"f3d5042\" data-elementor-lightbox-title=\"Fotografia 3 - Homenagem Seguran\u00e7a - Belgo Arames - 18-04-2023\" data-e-action-hash=\"#elementor-action%3Aaction%3Dlightbox%26settings%3DeyJpZCI6MjAwMywidXJsIjoiaHR0cDpcL1wvd3d3LmNvbnN0cnV0b3JhcGl6emFuZS5jb20uYnJcL3dwLWNvbnRlbnRcL3VwbG9hZHNcLzIwMjNcLzA3XC9Gb3RvZ3JhZmlhLTMtSG9tZW5hZ2VtLVNlZ3VyYW5jYS1CZWxnby1BcmFtZXMtMTgtMDQtMjAyMy5qcGciLCJzbGlkZXNob3ciOiJmM2Q1MDQyIn0%3D\" href=\"http:\/\/www.construtorapizzane.com.br\/wp-content\/uploads\/2023\/07\/Fotografia-3-Homenagem-Seguranca-Belgo-Arames-18-04-2023.jpg\"><img width=\"150\" height=\"150\" src=\"http:\/\/www.construtorapizzane.com.br\/wp-content\/uploads\/2023\/07\/Fotografia-3-Homenagem-Seguranca-Belgo-Arames-18-04-2023-150x150.jpg\" alt=\"\" decoding=\"async\" loading=\"lazy\"><\/a>\n\t\t\t<\/dt>\n<\/dl>\n<p><br style=\"clear: both\"><\/p>\n<p>Gostar\u00edamos de expressar nossa gratid\u00e3o ao ser agraciados com o reconhecimento por excel\u00eancia em seguran\u00e7a durante 20 anos de presta\u00e7\u00e3o de servi\u00e7os. Ficamos extremamente felizes em saber que nosso trabalho e dedica\u00e7\u00e3o foram valorizados e reconhecidos por uma empresa t\u00e3o importante como a Belgo Arames.<\/p>\n<p>A seguran\u00e7a \u00e9 uma prioridade em nossa empresa pois acreditamos que nossos colaboradores merecem trabalhar em um ambiente seguro e saud\u00e1vel. Nosso compromisso com a seguran\u00e7a \u00e9 uma express\u00e3o de nossa cultura organizacional e de nosso valores como empresa.<\/p>\n<p>Agradecemos por toda confian\u00e7a depositada em nossa equipe e reafirmamos nosso compromisso em continuar sempre trabalhando com seguran\u00e7a, seriedade, \u00e9tica e responsabilidade, buscando sempre aprimorar o nossos processos e garantir a seguran\u00e7a de nossos colaboradores.<\/p>\n<p>E por ultimo, mas n\u00e3o menos importante tamb\u00e9m comemoramos 20 anos de presta\u00e7\u00e3o de servi\u00e7os a Belgo Arames. \u00c9 com muita satisfa\u00e7\u00e3o e gratid\u00e3o que olhamos para tr\u00e1s e vemos tudo o que constru\u00edmos juntos nesses \u00faltimos anos, sem d\u00favida essa jornada n\u00e3o teria sido poss\u00edvel sem o apoio e colabora\u00e7\u00e3o de cada um de voc\u00eas, em especial: Jose Mauro Salvato , Marcelo Teixeira, Fernando Henrique Amendoeira.&nbsp;<\/p>\n<p>Esses 20 anos s\u00e3o apenas o come\u00e7o de um longa trajet\u00f3ria de sucesso e prosperidade e estamos animados e comprometidos em continuar trabalhando junto na melhoria continua, desenvolvendo solu\u00e7\u00f5es cada vez mais eficientes e oferecendo servi\u00e7os de alta qualidade.<\/p>\n<style>\/*! elementor - v3.14.0 - 26-06-2023 *\/<br \/>\n.elementor-column .elementor-spacer-inner{height:var(--spacer-size)}.e-con{--container-widget-width:100%}.e-con-inner>.elementor-widget-spacer,.e-con>.elementor-widget-spacer{width:var(--container-widget-width,var(--spacer-size));--align-self:var(--container-widget-align-self,initial);--flex-shrink:0}.e-con-inner>.elementor-widget-spacer>.elementor-widget-container,.e-con-inner>.elementor-widget-spacer>.elementor-widget-container>.elementor-spacer,.e-con>.elementor-widget-spacer>.elementor-widget-container,.e-con>.elementor-widget-spacer>.elementor-widget-container>.elementor-spacer{height:100%}.e-con-inner>.elementor-widget-spacer>.elementor-widget-container>.elementor-spacer>.elementor-spacer-inner,.e-con>.elementor-widget-spacer>.elementor-widget-container>.elementor-spacer>.elementor-spacer-inner{height:var(--container-widget-height,var(--spacer-size))}<\/style>\n<p><a href=\"http:\/\/hausarbeiten-schreiben-lassen.com\/\">hausarbeit ghostwriter<\/a><\/p>","protected":false},"excerpt":{"rendered":"<p>ghostwriter facharbeitghostwriting bachelorarbeitghostwriter masterarbeit | 2023 | Premia\u00e7\u00e3o de melhor fornecedor na categoria Servi\u00e7os de Engenharia Aplicados \u00e1 Gera\u00e7\u00e3o de Energia no ano de 2023. Para a Construtora Pizzane \u00e9 a demonstra\u00e7\u00e3o da \u00e9tica, dedica\u00e7\u00e3o, comprometimento e seguran\u00e7a da equipe na conduta da melhora continua dos nossos processos com nossos clientes, fornecedores e colaboradores. Agradecemos [&hellip;]<\/p>\n","protected":false},"author":1,"featured_media":0,"parent":0,"menu_order":0,"comment_status":"closed","ping_status":"closed","template":"","meta":{"ngg_post_thumbnail":0},"_links":{"self":[{"href":"https:\/\/www.construtorapizzane.com.br\/index.php?rest_route=\/wp\/v2\/pages\/1925"}],"collection":[{"href":"https:\/\/www.construtorapizzane.com.br\/index.php?rest_route=\/wp\/v2\/pages"}],"about":[{"href":"https:\/\/www.construtorapizzane.com.br\/index.php?rest_route=\/wp\/v2\/types\/page"}],"author":[{"embeddable":true,"href":"https:\/\/www.construtorapizzane.com.br\/index.php?rest_route=\/wp\/v2\/users\/1"}],"replies":[{"embeddable":true,"href":"https:\/\/www.construtorapizzane.com.br\/index.php?rest_route=%2Fwp%2Fv2%2Fcomments&post=1925"}],"version-history":[{"count":0,"href":"https:\/\/www.construtorapizzane.com.br\/index.php?rest_route=\/wp\/v2\/pages\/1925\/revisions"}],"wp:attachment":[{"href":"https:\/\/www.construtorapizzane.com.br\/index.php?rest_route=%2Fwp%2Fv2%2Fmedia&parent=1925"}],"curies":[{"name":"wp","href":"https:\/\/api.w.org\/{rel}","templated":true}]}}